mmon factor of 18 and i.
18
Let f(z) = -76*z + 5. Let n be f(-5). Let v be (-2)/(-13) + 216/(-52). Let q be 10*((-2)/v - -3). What is the greatest common divisor of q and n?
35
Let x = 54 + -48. Let y(m) = m**3 - 5*m**2 - 6*m + 9. Let c be y(x). Calculate the greatest common divisor of 81 and c.
9
Let n(q) = q**3 + 12*q**2 - 4*q - 30. Let a be n(5). Calculate the greatest common divisor of a and 45.
15
Let r be 7/(441/(-13158))*-7. What is the highest common factor of r and 34?
34
Let b = 352 + -304. Calculate the highest common factor of b and 54.
6
Suppose -3*t + 16 + 17 = 0. Calculate the highest common divisor of t and 297.
11
Suppose 6*k - 846 = 330. Let y = k - 46. Let p be (-127)/(-5) - 4/10. What is the greatest common divisor of y and p?
25
Let v = 474 + -105. What is the highest common factor of v and 41?
41
Suppose -4*i = -0*i - 3*v - 15, -4*v - 4 = 0. Let t be 11 - i*(-8)/(-6). Let f be 46 - (3 + 0 - 6). What is the highest common factor of f and t?
7
Let i(v) = 5*v - 2. Let k be i(6). Let c be 1/(((-15)/372)/5). Let l be (-12)/(-18) - c/3. Calculate the highest common factor of k and l.
14
Let p = -201 + 225. Calculate the greatest common factor of 8 and p.
8
Let y = 394 - 44. Calculate the greatest common divisor of y and 50.
50
Let i be (-2)/(-1 + 9) + (-87)/(-12). Suppose c - 2*s = 4, 5*c - 2*s = -i + 27. Calculate the highest common factor of 6 and c.
2
Suppose -3*d + 0*z = z - 83, d - 26 = -2*z. Calculate the highest common divisor of 1792 and d.
28
Let t be -4 + 1 - 6/(-1 - -4). Let c be 15*(-4 - 34/t). Calculate the greatest common factor of c and 210.
42
Let w be 21*(3 + (-6 - -4)/6). What is the greatest common divisor of 658 and w?
14
Suppose 0*q - 40 = -2*q. Suppose 2*v - 4*t - 42 = -0*v, 0 = -4*v - 5*t + 45. Suppose -v*y + 8*y = -560. What is the highest common factor of q and y?
20
Let l = -131 - -143. Let z = -2 - -14. What is the greatest common factor of l and z?
12
Suppose -4*p + 4*b = -44, 2*p = -3*b + 5 + 2. Let j = 47 + -46. Suppose -2*u - j = -a, 2 = -3*a - u + 5. Calculate the highest common factor of p and a.
1
Let w(y) = 25*y**2 + 3*y - 1. Let o be w(1). Let m = -27 + 10. Let q = o + m. Calculate the greatest common factor of q and 40.
10
Let c(t) = t**3 + 3*t**2 - 5*t + 2. Let l be c(-4). Suppose -2 = -5*g + g - 2*x, -g + 5*x = -l. What is the greatest common factor of g and 1?
1
Suppose 22*y = 17*y + 210. Suppose 2*c - 5*c = -y. What is the greatest common divisor of c and 28?
14
Let f = -957 + 961. What is the greatest common divisor of f and 194?
2
Let d = -1333 - -1359. Calculate the highest common factor of 2626 and d.
26
Let j(u) = -u**2 - 14*u + 6. Let q be j(-13). Calculate the highest common divisor of q and 247.
19
Suppose -4*k + 116 + 20 = 0. Suppose m - 5*a = 41, m = -2*a - 0*a + k. Calculate the highest common factor of 24 and m.
12
Suppose -k + 5*u - 9 + 0 = 0, -5*k - u = -59. What is the highest common factor of k and 583?
11
Suppose 2*n - 3*l + 14 = 0, 5*n = 4*n + 5*l - 14. Let h be ((-2)/(-1 - -3))/(2/(-20)). Let w be (-10)/n*h - 2. What is the greatest common divisor of w and 23?
23
Suppose -5*f + 2*z = 5*z - 146, 2*f - 5*z = 77. Let v = f - 21. Calculate the highest common divisor of 40 and v.
10
Let d be (-2)/((-224)/210 - 2/(-5)). Let y(v) = v**3 + 10*v**2 + 8*v - 3. Let m be y(-9). Suppose d*p + 3*p = m. Calculate the highest common factor of 4 and p.
1
Suppose -5*n + 80 = 5*t, -44 = -2*t - 0*n + 4*n. Let v(d) = 3*d**3 + 4*d**2 - 3*d + 2. Let c be v(1). Calculate the highest common divisor of t and c.
6
Suppose -4*a = -5*g + 102, a + 95 = 5*g + 2. Let y(s) = -244*s + 1744. Let v be y(7). Calculate the highest common factor of v and g.
18
Let f(i) be the first derivative of 3*i**2/2 - 48*i - 21. Let l be f(21). Calculate the greatest common factor of 5 and l.
5
Let l = 55 - 31. Calculate the highest common divisor of l and 4344.
24
Suppose -x + 62 = -11. Let w = 298 + -338. Let b = x + w. Calculate the greatest common divisor of b and 11.
11
Suppose -237 = -3*z + 675. Suppose 365 = -0*b + 5*b + 5*k, -4*b + z = -2*k. Calculate the highest common divisor of 50 and b.
25
Suppose -6*m - 2*z = -4*m - 66, 4*m - 108 = 2*z. What is the greatest common factor of m and 464?
29
Let c = -132 - -143. What is the highest common factor of 33 and c?
11
Suppose -4*k + 13 + 19 = 0. Let y(l) = l**2 + 7*l - 6. Let j be y(-8). Calculate the greatest common factor of j and k.
2
Let d(t) = -t**2 - 32*t - 111. Let h be d(-4). Calculate the greatest common factor of 22 and h.
1
Let d be -2*3/6 - -5. Suppose 46 = d*i - 5*b, 3*i - 21 = b + 8. What is the highest common divisor of 3 and i?
3
Let w = -72 - -154. Let j = w + -42. What is the highest common divisor of 100 and j?
20
Let c = -552 + 596. Calculate the highest common divisor of 11 and c.
11
Let q(v) = 3*v**2 - v - 2. Let z be q(-3). Suppose 22 - z = -3*w. Calculate the highest common divisor of 4 and w.
2
Let m = 46 - 17. Suppose t - 3*c - m = 0, -3*c = -3*t - 2*c + 47. Let a be 94/t - 18/(-63). What is the greatest common divisor of a and 56?
7
Let q be (15/105*7)/((-2)/(-40)). Calculate the highest common divisor of 320 and q.
20
Suppose -13 + 45 = 2*a. Let q be -5 - -3 - (-5 + 440). Let d = -261 - q. Calculate the greatest common divisor of a and d.
16
Let o(c) = c**2 + 33*c + 165. Let k be o(-28). Let f be (50/(-3))/((-4)/30). Calculate the highest common divisor of f and k.
25
Suppose -246*l + 238*l + 160 = 0. Calculate the highest common factor of l and 5.
5
Suppose 28 = 8*v - 12. Calculate the greatest common divisor of 355 and v.
5
Let z(t) = -1 - 6*t + 7 + 1. Let m = -25 - -22. Let c be z(m). Calculate the greatest common factor of c and 175.
25
Suppose -g - 3*n + 181 + 66 = 0, -4*n + 246 = g. What is the highest common factor of 50 and g?
50
Let j be (3 - (-1 + -1))*54/90. Suppose -j*p + 204 = -93. What is the highest common divisor of p and 11?
11
Let a = -770 + 925. What is the highest common factor of 5 and a?
5
Let s = 23 + -20. Suppose -s*q + 12 = -6. Suppose -q = 12*b - 13*b. Calculate the greatest common factor of 15 and b.
3
Suppose 7*r = 9*r - 128. What is the highest common factor of 864 and r?
32
Suppose -a + 29 = a - 5*y, a - 2*y - 17 = 0. Suppose 3*x - 6*x + 960 = 4*z, 0 = -5*z - 2*x + 1207. Calculate the highest common divisor of z and a.
27
Suppose -3*c + 1014 = -0*c. Suppose -1298 + c = -6*b. Calculate the greatest common divisor of 20 and b.
20
Let g = -98 + 117. Calculate the highest common factor of 2 and g.
1
Suppose 0 = 9*p + 191922 - 44664. Let q be (-4)/(-26) - p/117. What is the highest common factor of 20 and q?
20
Let z be (-1)/(-4) - 429/(-12). Let q be 1/(-5*2/(-1080)). Suppose -5*p + 3*x = -q, x - 28 = p - 2*p. What is the greatest common factor of p and z?
12
Let b be (16/12)/(1/(-36)). Let u = -40 - b. Calculate the highest common factor of u and 12.
4
Let b(v) = -9*v + 21. Let u be b(-5). Suppose -r + 3*z + 38 = 0, 2*z - u = -3*r - z. Let y = 46 + -33. Calculate the greatest common divisor of r and y.
13
Let w be 3 - (6/(-2) - -6). Suppose w = y - 58 + 16. Suppose n - 5*n = 5*i - y, -4*n = -2*i. Calculate the greatest common divisor of 42 and i.
6
Let o be (-17)/(68/(-308)) - 7. What is the highest common divisor of o and 70?
70
Suppose -12*g = -898 + 142. What is the greatest common factor of 63 and g?
63
Suppose 70 = 155*b - 154*b. Calculate the greatest common factor of 140 and b.
70
Suppose 2*o = 0, 5*n - 3*o + 665 = -0*o. Let q = -102 - n. What is the greatest common factor of 124 and q?
31
Suppose 58*k - 66*k = -1672. What is the highest common divisor of 95 and k?
19
Let f be (14 - -2)*(-3 + 5). What is the highest common divisor of f and 112?
16
Suppose r - 3*g - 61 = 0, 0 = -5*r + r + 4*g + 252. Suppose -n - 18 = -2*q, 10 + 0 = -5*n. What is the greatest common factor of q and r?
8
Let x = -5 - -7. Suppose 0*u + 136 = x*r - u, 0 = 2*r - 5*u - 128. Let z = r + -27. Calculate the greatest common divisor of 6 and z.
6
Let y(v) = -160*v**3 + v**2 + v - 1. Let p be y(1). Let k(m) = -60*m - 184. Let l be k(-7). Let n = p + l. Calculate the highest common divisor of 11 and n.
11
Suppose 3*h - 3*l - 1827 = -0*l, 2*l = -4*h + 2436. Let f = -400 + h. Calculate the greatest common divisor of 11 and f.
11
Supp